 4*c + 604 = 5*a. Suppose -74 - 166 = -10*m. What is the highest common factor of a and m?
24
Let a be (-4)/(-10) - 28/(-5). Let z be 85/15 - (-6)/(-9). Suppose 0 = 8*j - z*j - 6. Calculate the highest common divisor of a and j.
2
Suppose 41 = 5*f - 3*k - 94, 0 = -f - 2*k + 14. Calculate the highest common factor of f and 120.
24
Let j = -7 - -9. Let p be 2 + 0 - (0 - -2). Suppose p = h + 2*h - 12. Calculate the greatest common divisor of j and h.
2
Let h be 9 + 2/4*4. Suppose 0 = -5*f + 95 + 125. What is the greatest common divisor of f and h?
11
Let s = 12 + -2. Suppose n = -4*k - 0*n - 1, 2*k + 4*n - s = 0. Let c(u) = 13*u**2 + u. Let y be c(k). Calculate the greatest common factor of 120 and y.
12
Suppose -9 = -v + 5*k, -2*v + 0*k = -4*k - 30. Let g = v - 2. Calculate the highest common factor of 136 and g.
17
Suppose -h + 2*o + 0 = -5, -4*h + 2 = o. Calculate the highest common factor of h and 1.
1
Let z = -3 - -6. Suppose z*v - 4 = 2. Let x be v/(3 + (-11)/4). What is the highest common factor of 4 and x?
4
Suppose 68 = 6*u - 2*u. Suppose 3*b = -d + 6*d + 449, d = 4*b - 610. What is the greatest common divisor of u and b?
17
Let m be ((-16)/3)/((-20)/90). Suppose -3*k - 2*p - 10 + 46 = 0, 3*p = 2*k - m. What is the highest common divisor of 36 and k?
12
Let t be 1/(2/110 - 0). Suppose -5 = -i - 1. Let w be (-1)/(i/(-11))*4. What is the highest common divisor of t and w?
11
Let r = 11 - 8. Let f be r*1/(12/88). Calculate the greatest common divisor of f and 198.
22
Let t = 15 + 0. Calculate the highest common factor of 20 and t.
5
Let c(w) = -7*w - 18. Let h be c(-24). Calculate the greatest common divisor of h and 30.
30
Let q(u) = 2*u**2 + u + 3. Let i be 5/(-5) - 4/2. Let l be q(i). What is the highest common divisor of l and 6?
6
Let o(p) = -p**2 + 10*p. Let r be o(5). Let j be r + -5 + 0/2. Calculate the highest common divisor of 30 and j.
10
Suppose 4*g + g - 20 = 0. Suppose -3*f = -7*f - 5*p + 72, g*p + 90 = 5*f. Calculate the greatest common divisor of f and 90.
18
Let k = 1 - -5. Let u = 25 + -13. Calculate the greatest common divisor of k and u.
6
Suppose 5*w = 1 + 4. Let n be -1*2*4/(-8). Calculate the greatest common factor of n and w.
1
Suppose -a - 320 = -4*a + 4*p, 3*p + 318 = 3*a. Suppose 9*q = 7*q + a. Calculate the highest common factor of 26 and q.
26
Suppose 3*g + 4*j - 372 = 0, -5*g - j - 2*j = -609. What is the highest common divisor of 24 and g?
24
Suppose 0*w - w = -5. What is the greatest common factor of w and 5?
5
Let f be 4/8 - 42/(-4). Let a = f - 6. Suppose -3*z + 2*z - 2*q = 0, -30 = -4*z - 2*q. What is the greatest common factor of z and a?
5
Suppose -i = 2*a - 38 + 5, -4*a = 5*i - 69. Calculate the greatest common factor of 2 and a.
2
Let a(v) = -v + 6. Let n be a(8). Let k = 7 - n. What is the highest common factor of k and 45?
9
Let h(x) be the first derivative of x**4/4 - 5*x**3/3 + 3*x + 3. Let k be h(5). Suppose k*i - i = 14. What is the highest common divisor of 14 and i?
7
Suppose -c - 74 = -3*j, 4*c = 2*j - 0*j - 56. Calculate the greatest common divisor of j and 3.
3
Let g(f) = f**3 - 14*f**2 + 28*f - 18. Let t be g(12). Calculate the highest common factor of 60 and t.
30
Let f = -2 + 6. Suppose 0 = 3*h - h - f*z - 34, -h = -3*z - 22. Calculate the highest common factor of 21 and h.
7
Let o be (-1)/(259/660 + 10/(-25)). Calculate the greatest common divisor of 12 and o.
12
Let r(m) = m**3 + 5*m**2 - 6*m - 10. Let t be r(-4). What is the highest common factor of t and 75?
15
Let u(o) = 8*o**2 + 3*o - 11. Let y be u(2). Calculate the highest common factor of y and 27.
27
Let m(j) = 2*j**2 + 3*j. Let z be m(3). What is the highest common divisor of z and 54?
27
Let l = 20 - 10. Suppose 3*t = 5*y + 37, 2*y + 5 - l = -t. Let h be (-10)/(-3)*216/10. What is the greatest common factor of t and h?
9
Let x = -3 - -5. What is the highest common divisor of x and 2?
2
Let g(v) = -4*v**3 + 4*v + 4. Let f be g(-3). Calculate the greatest common divisor of f and 20.
20
Suppose z = 12 + 4. Suppose -3*w + z = -2*w. What is the highest common divisor of 112 and w?
16
Let n = -11 - -11. Suppose -5*s - 2*d = 3*d - 20, n = -s + 2*d + 13. Suppose 6*z - 3*z = 105. Calculate the greatest common factor of z and s.
7
Suppose 0 = -2*n + 3*j + 21, 3*j + 2 + 4 = -3*n. Suppose 0 = 5*f + 2*h - 25, -n*f + 5*f - 16 = -2*h. What is the highest common divisor of f and 27?
3
Let o = 4 + 2. Calculate the highest common factor of o and 66.
6
Let z(x) = -3*x - 17. Let m be z(-8). Calculate the highest common divisor of m and 49.
7
Let p(g) = -23*g - 1. Let u be p(-1). Let t = u - -28. What is the greatest common factor of 10 and t?
10
Let w be (-106)/(-3) - (-4)/6. Let h(d) = d**2 + 7*d - 9. Let l be h(-9). Calculate the highest common divisor of w and l.
9
Suppose -l + 11 = 28. Let v = l - -31. Calculate the highest common divisor of 28 and v.
14
Let p be 1 + (-82)/(-4) + (-20)/(-40). Calculate the highest common divisor of p and 11.
11
Let f be (-3)/4 - (-86)/8. Let r be -1 + 3 - 4/(-1). Suppose -46 + r = -4*n. Calculate the highest common factor of f and n.
10
Suppose z + u - 2*u - 7 = 0, -z - 4*u = -2. Let n(k) = k**3 - 4*k**2 - 8*k + 4. Let p be n(z). Let a = 4 - -10. What is the highest common divisor of a and p?
14
Let i be (-90)/(-12)*12/10. Calculate the greatest common factor of 6 and i.
3
Suppose -2 = -x + 13. What is the highest common divisor of x and 135?
15
Let n(x) = -x**3 + 15*x**2 + 16*x + 3. Let f be n(16). What is the greatest common factor of 1 and f?
1
Let f be 14/4 + (-2)/4. Suppose s - z = 18, 3*s - f*z + z = 54. Suppose 57 = 5*u - 78. What is the greatest common divisor of u and s?
9
Suppose -5*w = 19 + 46. Let d = 25 + w. Calculate the highest common divisor of 108 and d.
12
Suppose 0 = x - 4*o - 16, -5*o + 53 = 4*x - 10*o. What is the greatest common divisor of x and 24?
12
Suppose 27 = -6*n + 171. What is the highest common factor of 12 and n?
12
Suppose 4*y - 3*j = 15, -5*y - 2*j = j - 12. Suppose -y*w = -15 - 33. Calculate the greatest common divisor of w and 8.
8
Let b(y) = -y**3 - 4*y**2 - 2*y + 4. Let d be b(-4). Suppose -4*r + 186 = 2*p - 0*p, -5*r + 5*p + 255 = 0. What is the greatest common factor of r and d?
12
Suppose 2*a = 4*p - 16, -2*a + 0 = 2*p - 2. Suppose p*g = 7 + 2. Suppose g*n - 9 = 2*n. What is the greatest common divisor of 81 and n?
9
Suppose 5*i + 18 - 3 = 0. Let r be 61/3 - (-1)/i. Let j be r*(2 + (-6)/(-8)). Calculate the highest common factor of 11 and j.
11
Let k be (20/(-6))/((-4)/6). Calculate the greatest common divisor of 5 and k.
5
Let l(z) = 2*z**2. Let d be l(-1). Let y(q) = -q**2 - q + 19. Let b be y(0). Let p = b - 13. What is the greatest common factor of d and p?
2
Let f(w) = -w**2 - 4*w + 1. Suppose 2 + 13 = -5*r. Let j be f(r). Let p = -65 - -109. What is the highest common divisor of j and p?
4
Suppose 2*o = 3*o - 42. Let b be 57/95 + 102/5. Calculate the highest common divisor of b and o.
21
Suppose 2*d - 236 = -0*d. Let p = d - -22. Calculate the highest common factor of p and 28.
28
Let c = 134 + -108. What is the greatest common factor of 78 and c?
26
Let i(y) = 2*y - 5. Suppose 2*x - 2*k = 32, -2*k + 4*k = -x + 4. Let c be i(x). What is the greatest common divisor of c and 152?
19
Suppose -4*m = 2 + 2. Let n be 3/m*11/(-3). Let r = 15 - n. What is the greatest common factor of r and 4?
4
Suppose -4*d - 65 = -t + 19, -2*t = -3*d - 168. Calculate the highest common factor of t and 12.
12
Suppose -3*m + 150 = -0*m. What is the greatest common divisor of 10 and m?
10
Suppose -9*o - 22 = -10*o. What is the greatest common divisor of 176 and o?
22
Suppose 0 = h - 6*h + 65. What is the greatest common divisor of 26 and h?
13
Suppose -13*u = -15*u + 22. What is the highest common divisor of u and 33?
11
Let o(l) = -l + 3. Let j be o(0). What is the highest common factor of j and 12?
3
Let v(b) = -b**3 - 2*b**2 - b. Let o be v(-1). Suppose -4*u + o = 4. Let t = 2 - u. Calculate the highest common factor of 21 and t.
3
Let z be (3 + (-4)/4)/1. Suppose 2*k + 5 = w + 3*k, -w - 3*k = -11. What is the highest common factor of z and w?
2
Suppose 300 = 5*h - 4*p, -6*h + 249 = -2*h - 5*p. What is the greatest common factor of h and 14?
14
Suppose 3*j + 3 = 0, 0*j + 27 = 2*h 